common factor of 1775 and 25.
25
What is the greatest common factor of 98 and 539?
49
Calculate the highest common divisor of 69 and 123.
3
What is the greatest common factor of 7524 and 72?
36
Calculate the greatest common factor of 7362 and 18.
18
What is the highest common divisor of 31 and 62?
31
Calculate the greatest common divisor of 115 and 299.
23
What is the greatest common divisor of 31 and 15097?
31
Calculate the greatest common factor of 88 and 550.
22
What is the greatest common divisor of 105 and 140?
35
Calculate the greatest common divisor of 30 and 138.
6
What is the highest common factor of 76 and 171?
19
Calculate the greatest common factor of 3588 and 46.
46
Calculate the highest common factor of 546 and 2366.
182
Calculate the greatest common factor of 203 and 6496.
203
Calculate the highest common factor of 30 and 582.
6
Calculate the greatest common divisor of 39 and 12.
3
What is the greatest common divisor of 729 and 9?
9
What is the highest common divisor of 5 and 4190?
5
What is the highest common divisor of 15 and 120?
15
What is the greatest common factor of 68 and 6494?
34
What is the highest common divisor of 3956 and 92?
92
Calculate the greatest common divisor of 1191 and 66.
3
Calculate the greatest common factor of 27 and 126.
9
What is the greatest common divisor of 460 and 100?
20
What is the highest common divisor of 255 and 34?
17
Calculate the highest common factor of 21 and 7.
7
Calculate the greatest common divisor of 629 and 51.
17
What is the greatest common divisor of 98 and 22526?
14
What is the greatest common factor of 153 and 1746?
9
What is the greatest common factor of 12 and 108?
12
Calculate the highest common factor of 115 and 23.
23
Calculate the highest common factor of 730 and 9928.
146
What is the highest common factor of 160 and 30320?
80
Calculate the highest common divisor of 1 and 85.
1
What is the greatest common divisor of 5071 and 11?
11
Calculate the highest common divisor of 238 and 14.
14
What is the highest common divisor of 128 and 784?
16
What is the highest common divisor of 153 and 18513?
153
What is the greatest common divisor of 7 and 567?
7
Calculate the greatest common divisor of 85 and 25.
5
What is the highest common divisor of 9 and 675?
9
What is the greatest common factor of 26 and 117?
13
What is the highest common factor of 1764 and 140?
28
What is the greatest common divisor of 441 and 27?
9
What is the highest common divisor of 414 and 324?
18
What is the greatest common factor of 793 and 143?
13
Calculate the highest common factor of 352 and 22.
22
Calculate the greatest common divisor of 82 and 2214.
82
Calculate the greatest common factor of 3500 and 20.
20
What is the greatest common divisor of 1180 and 40?
20
What is the highest common factor of 133 and 63?
7
Calculate the greatest common factor of 920 and 1564.
92
Calculate the highest common factor of 12921 and 438.
219
Calculate the greatest common divisor of 4 and 196.
4
Calculate the greatest common factor of 4 and 116.
4
Calculate the greatest common factor of 1377 and 2430.
81
What is the greatest common factor of 140 and 504?
28
What is the greatest common factor of 5187 and 52?
13
What is the greatest common divisor of 19 and 152?
19
What is the greatest common divisor of 70 and 98?
14
Calculate the highest common factor of 3 and 14700.
3
What is the greatest common factor of 70 and 1162?
14
What is the highest common divisor of 476 and 272?
68
Calculate the highest common divisor of 22 and 517.
11
Calculate the greatest common factor of 18 and 63.
9
Calculate the greatest common factor of 588 and 21.
21
What is the highest common factor of 1078 and 1606?
22
Calculate the greatest common divisor of 13 and 4719.
13
What is the highest common divisor of 489 and 2119?
163
Calculate the greatest common divisor of 2828 and 112.
28
What is the highest common divisor of 6042 and 38?
38
What is the greatest common factor of 932 and 8?
4
Calculate the highest common factor of 13 and 611.
13
Calculate the highest common factor of 38 and 570.
38
What is the greatest common factor of 636 and 23956?
212
Calculate the greatest common factor of 380 and 160.
20
Calculate the highest common factor of 663 and 39.
39
What is the greatest common divisor of 6707 and 19?
19
What is the greatest common factor of 29 and 29?
29
What is the greatest common factor of 43 and 86?
43
Calculate the greatest common divisor of 15399 and 522.
261
Calculate the greatest common divisor of 3979 and 23.
23
What is the greatest common factor of 3468 and 1020?
204
What is the highest common divisor of 55 and 20?
5
What is the greatest common divisor of 320 and 192?
64
What is the highest common factor of 80 and 656?
16
What is the greatest common divisor of 4928 and 176?
176
What is the greatest common factor of 74 and 1?
1
Calculate the highest common factor of 316 and 35234.
158
What is the greatest common divisor of 159 and 2491?
53
Calculate the greatest common factor of 16694 and 136.
34
Calculate the highest common divisor of 459 and 108.
27
Calculate the greatest common divisor of 195 and 39.
39
What is the highest common factor of 96 and 216?
24
Calculate the highest common divisor of 76 and 760.
76
What is the highest common divisor of 160 and 180?
20
What is the highest common divisor of 19 and 19019?
19
What is the highest common divisor of 603 and 9?
9
Calculate the highest common factor of 3760 and 120.
40
Calculate the highest common factor of 2665 and 820.
205
Calculate the greatest common factor of 110 and 22.
22
What is the highest common divisor of 20 and 8?
4
What is the highest common factor of 895 and 20?
5
What is the highest common divisor of 474 and 12?
6
What is the greatest common divisor of 351 and 39?
39
Calculate the greatest common factor of 462 and 27951.
231
Calculate the highest common factor of 241 and 7.
1
What is the greatest common factor of 210 and 3?
3
Calculate the greatest common divisor of 880 and 140.
20
Calculate the highest common divisor of 2 and 137.
1
Calculate the greatest common divisor of 36 and 414.
18
What is the highest common factor of 18 and 838?
2
What is the greatest common divisor of 5999 and 28?
7
What is the highest common divisor of 95 and 5?
5
What is the greatest common divisor of 90 and 6010?
10
What is the highest common factor of 40341 and 238?
119
What is the greatest common divisor of 34 and 85?
17
Calculate the highest common factor of 25 and 4.
1
What is the greatest common divisor of 738 and 82?
82
Calculate the highest common divisor of 119 and 408.
17
What is the highest common factor of 132 and 6204?
132
What is the greatest common divisor of 950 and 40?
10
Calculate the highest common divisor of 3423 and 168.
21
Calculate the greatest common divisor of 2546 and 1474.
134
Calculate the highest common divisor of 408 and 18.
6
Calculate the greatest common factor of 1431 and 53.
53
Calculate the greatest common divisor of 20 and 95.
5
Calculate the greatest common factor of 96 and 780.
12
Calculate the greatest common divisor of 11 and 16137.
11
Calculate the highest common factor of 180 and 801.
9
Calculate the greatest common factor of 273 and 45.
3
Calculate the greatest common factor of 40 and 5200.
40
Calculate the greatest common divisor of 5000 and 40.
40
Calculate the highest common divisor of 22 and 1991.
11
What is the greatest common divisor of 103 and 1?
1
Calculate the greatest common divisor of 53 and 3233.
53
What is the greatest common divisor of 518 and 28?
14
What is the greatest common divisor of 16 and 72?
8
Calculate the highest common factor of 15 and 2.
1
What is the highest common divisor of 16 and 52?
4
Calculate the greatest common factor of 2115 and 25.
5
What is the highest common factor of 276 and 18?
6
Calculate the greatest common divisor of 75 and 2150.
25
Calculate the highest common divisor of 464 and 32.
16
Calculate the greatest common divisor of 59 and 531.
59
Calculate the greatest common divisor of 2 and 623.
1
Calculate the highest common factor of 27 and 81.
27
What is the greatest common divisor of 86 and 387?
43
What is the highest common divisor of 3034 and 328?
82
Calculate the highest common factor of 513 and 27